
Let v(l) = -5*l + 9 - 30*l**3 - 17*l**3 + l**2 - 5*l**3. Let u(x) = -13*x**3 - x + 2. Let j(t) = -9*u(t) + 2*v(t). List the prime factors of j(1).
2, 7
Let t = 32 - 21. Let i = -27 - -25. List the prime factors of t + 2*2/i.
3
Let y(a) = -20*a**3 + a**2 - a. Let j be y(1). Let g = j - -24. List the prime factors of g.
2
Let q be -2*1/(-2) - -1. Let k be (1*-2)/q - -3. Suppose -k*y = -4*y + 14. List the prime factors of y.
7
Let d = -55 - -248. What are the prime factors of d?
193
Let k = -58 + 211. What are the prime factors of k?
3, 17
Let y(w) = -16*w**3 + 2*w + 1. Let o be y(-1). Suppose 2*p - o = p. Suppose 5*k = -0*k + p. List the prime factors of k.
3
Let d(u) = 3*u**2 - u + 1. Suppose 2*w - 4 + 2 = 0. Let b be d(w). Suppose g + 8 = b*g. List the prime factors of g.
2
Let w(t) = 2*t**2 + 2*t - 1. List the prime factors of w(6).
83
Let r = -13 - -7. Let q be r/(-24) - (-46)/8. What are the prime factors of (2 + (-15)/q)*-34?
17
Suppose -47 = -2*y - s, 0 = -4*y - s - 3*s + 104. Suppose 5*d = y + 14. Let g = d - -1. What are the prime factors of g?
2
Let v(u) = -u**3 + 11*u**2 - 10*u + 3. Suppose -2*s + 17 = -3. What are the prime factors of v(s)?
3
Let b be ((171/(-3))/3)/(-1). Suppose 4*p - 45 = b. What are the prime factors of p?
2
Let p(j) = j**2 - j + 75. What are the prime factors of p(0)?
3, 5
Let a(l) = -5*l - 1. Let p be a(-6). Let m = p - 13. List the prime factors of m.
2
Suppose 2*m = -4*d - 220, m = 2*d + 4*m + 106. Let h be d/(-32) - 2/(-8). Suppose 0 = h*q - 30 - 8. List the prime factors of q.
19
Let q(i) = 6*i - 25. List the prime factors of q(7).
17
Suppose 3*b + 15 = 0, -4*b = 2*m - 12 + 52. Let h = m - -30. List the prime factors of h.
2, 5
Suppose -2*s + 0*o + 8 = 4*o, 2*s - 17 = -o. List the prime factors of s.
2, 5
Let k = 9 + -5. Suppose 11 = k*u - 117. What are the prime factors of u?
2
What are the prime factors of ((-225)/(-20))/(3/8)?
2, 3, 5
Let z = 11 - 15. Let k = -47 + 58. What are the prime factors of k - -2*(3 + z)?
3
Let i be 4/(-6)*12/4. Let p(k) = -k**3 + 2*k + 2. What are the prime factors of p(i)?
2, 3
Let i(w) = w - 4. Let h be i(6). Let a be (-3 + -2)/(2/h). Let u = a + 15. List the prime factors of u.
2, 5
Let o(a) = -a**2 - a + 106. List the prime factors of o(0).
2, 53
Suppose 3*w = -0*m + 5*m - 133, 0 = -w + 4. What are the prime factors of m?
29
Let a(r) be the second derivative of -r**5/4 - r**3/6 - 2*r. What are the prime factors of a(-1)?
2, 3
Suppose -3*q - v + 2 = 0, 2*q - q + 2 = -3*v. Suppose 0 = 2*m - j - 5, 3*m - 2*j - 11 = 3*j. Suppose -m*u = -q - 7. List the prime factors of u.
2
Suppose -4*i - 5*d = -259, -i + 0*d + 68 = -2*d. List the prime factors of i.
2, 3, 11
Let d be (-3)/12 + 2127/12. Suppose 0 = 5*v - 23 - d. What are the prime factors of v?
2, 5
Suppose 0 = -t + 2*c + 18, -2*t + 0*c - 2*c + 18 = 0. Suppose 7*i = 3*i + t. List the prime factors of i.
3
Let t(l) = -3 - 9*l + 7*l - 10*l. Let h be t(-2). What are the prime factors of 54/h*(-28)/(-6)?
2, 3
Let s = -11 + 10. List the prime factors of (-21)/(-2 - s/1).
3, 7
Let x be -1*1*(-33)/11. Let v be 1/2 + 6/4. Suppose v*j = -x*j + 50. List the prime factors of j.
2, 5
What are the prime factors of 63*7/(294/216)?
2, 3
List the prime factors of (4/(-5))/(2/(-395)).
2, 79
Suppose -2*y + 245 = 3*u, 0 = 4*u + y + 4*y - 336. What are the prime factors of u?
79
Let n = 4 + 0. Suppose a + n*v - v = -12, -5*a - 60 = -v. Let t = -1 - a. List the prime factors of t.
11
Suppose 3*j + 4*d - 119 = 0, 3*d - 1 - 14 = 0. List the prime factors of j.
3, 11
Let b = 146 + -79. List the prime factors of b.
67
Let u be 2 + 0 + (-2)/1. Suppose -a - 1 + 5 = u. List the prime factors of (a/(-2) + 3)*9.
3
Let t be (-7)/(1 - (-8)/(-6)). Let a = t - 13. What are the prime factors of a?
2
Let k(a) = 2*a - 7. Let u be k(6). Suppose -c + 4*v - 2*v + 39 = 0, 81 = 2*c - u*v. What are the prime factors of c?
3, 11
Suppose -a + 82 = 9. What are the prime factors of a?
73
Let f(l) = l**3 - 9*l**2 - 8*l. Let r be f(10). Let y = -12 + r. What are the prime factors of y?
2
Let b be 45/(-27) + 2/3. Suppose i = 4*i + 6. List the prime factors of 2 - (2 + b) - i.
3
Let d(y) be the second derivative of 7*y**3/6 + 5*y**2 - 2*y. Let s be d(-7). List the prime factors of (3 + -2)/((-3)/s).
13
Let y be (48/15)/(1/5). Suppose -2 = -3*p + y. List the prime factors of p.
2, 3
Let q be (-3 - -2)*0/2. Suppose q + 2 = -2*f, 3*a - f - 28 = 0. List the prime factors of a.
3
Let s(u) = -u**3 - 9*u**2 + 2*u + 12. Let f be s(-9). Let y(p) = 2*p**2 + 5*p + 9. List the prime factors of y(f).
3, 17
Let l be (-3)/(-6) - 75/(-2). Let a = -19 + l. What are the prime factors of a?
19
Suppose -2*p + 43 = -p - 5*m, -4*m - 108 = -4*p. List the prime factors of p.
23
Suppose -5*p = -2*h + 136, -h - 4*p + 100 = h. List the prime factors of h.
2, 29
Suppose 5*n + 3 = 8*n. Let h(s) = 31*s**3 - 2*s**2 + s. What are the prime factors of h(n)?
2, 3, 5
Let q = 25 - 7. List the prime factors of q.
2, 3
Let a(j) = -j**2 + 18*j - 18. List the prime factors of a(9).
3, 7
List the prime factors of (-3 - 0)*14/(-2).
3, 7
Suppose -64 = -4*o + 104. What are the prime factors of o?
2, 3, 7
Suppose -u = -7 - 8. Suppose 2*c + c = u. List the prime factors of c/((-15)/(-6)) + 11.
13
Suppose 0*x + 4*x - 70 = -y, -70 = -y - 3*x. List the prime factors of y.
2, 5, 7
List the prime factors of (-1640)/(-15) + (-4)/3.
2, 3
Let x(d) = 4*d**2 - 1. Let p be x(-1). Suppose w - 11 + p = 0. What are the prime factors of w?
2
Suppose -5*g + 71 = c, -g + 0*c = 5*c - 19. List the prime factors of g.
2, 7
What are the prime factors of (-4)/(756/381 + -2)?
2, 127
Let p = 5 + -9. Let r(f) = 12*f - 12. Let a(m) = m - 1. Let b(w) = 32*a(w) - 3*r(w). List the prime factors of b(p).
2, 5
Let p be 20/15*(-18)/4. Let o be (-27)/p*8/6. What are the prime factors of 34/o + (-3)/(-9)?
2, 3
Suppose 23*s = 17*s + 36. What are the prime factors of s?
2, 3
Let m(l) = 6*l**2 - 2. Let v(d) = d + 2. Let i be v(0). List the prime factors of m(i).
2, 11
Let j(t) = -t**3 - 2*t**2 - 4*t + 7. What are the prime factors of j(-4)?
5, 11
Suppose -3*v - 3*w = 3, -4*v + 4*w - 6*w = 14. Let i = -2 - v. Suppose -u + i = -0. List the prime factors of u.
2
Suppose -2*h - 3 + 5 = 0. Let l(p) = 24*p**2 + p. Let a be l(h). Suppose 5*w = 3*i - 20, 2*i - a = -5*w + 30. List the prime factors of i.
3, 5
Let n be (-8)/(-28) + (-19)/(-7). Let d be 30 - ((-2 - -1) + n). List the prime factors of 343/d - 2/8.
2, 3
Let g(w) be the second derivative of -w**3/2 + 5*w**2 + w. Let t(i) = i - 5. Let h(k) = 2*g(k) + 5*t(k). What are the prime factors of h(-7)?
2
Let x = 372 + -216. List the prime factors of x.
2, 3, 13
Let x = 56 + -26. Suppose 5*t - 65 = x. List the prime factors of t.
19
Suppose -3*y - r = -0*y - 376, y + r = 122. What are the prime factors of y?
127
Let y = -4 - -2. Let z = 6 + y. Suppose -z*r + 16 + 52 = 0. What are the prime factors of r?
17
Let i(k) = 4*k - 4*k - 14 - 2*k. What are the prime factors of i(-11)?
2
Let v(k) be the second derivative of 19*k**4/12 - k**3/3 - 2*k. Let z be v(-2). Suppose w + z = 6*w. List the prime factors of w.
2
Suppose -i - 2*i = -117. Let a = 38 + -64. Let q = i + a. List the prime factors of q.
13
Suppose 5*z + 4 = 3*s + 6, 2*z - 3*s + 1 = 0. Let k(o) be the third derivative of o**4/6 + o**3/6 + 2*o**2. What are the prime factors of k(z)?
5
Let g(b) be the second derivative of -b**5/20 + b**4/2 + 4*b**3/3 + 4*b**2 - b. List the prime factors of g(7).
3, 5
Suppose 5*m = 4*n + 15 + 1, m + 3*n + 12 = 0. List the prime factors of 13 + (2 - m)*-1.
11
Let q = -16 + 21. Suppose -2 - 2 = -2*u. Suppose -u*h - 33 = -q*h. What are the prime factors of h?
11
Suppose 5 = -3*n + 4*n + w, -4*n - w = -29. Let o = 7 + -11. List the prime factors of (2/o)/((-1)/n).
2
Let j = 7 + -14. Let k be (5/(-2))/(j/(-14)). What are the prime factors of k/((-5)/2) - -1?
3
List the prime factors of (-5 - -8)*1/1.
3
Suppose 28 = n + 3*n. Let m(d) = 2*d - 10. Let b be m(n). Suppose -5*y - b*g = -29, -4*g - 2 = -y - 1. What are the prime factors of y?
5
Suppose 6*p - 1286 + 248 = 0. List the prime factors of p.
173
What are the prime factors of ((-8)/10)/(12/(-2430)*3)?
2, 3
Let v be 9/2 + (-2)/(-4). Let o = 8 - v. What are the prime factors of o